{"version":"1.0","provider_name":"Federa\u00e7\u00e3o dos Municip\u00e1rios do Estado do Rio Grande do Sul","provider_url":"https:\/\/femergs.com.br\/wfe","author_name":"adminfemergs","author_url":"https:\/\/femergs.com.br\/wfe\/blog\/author\/adminfemergs\/","title":"15 de Outubro - Dia dos Professores e Professoras! - Federa\u00e7\u00e3o dos Municip\u00e1rios do Estado do Rio Grande do Sul","type":"rich","width":600,"height":338,"html":"<blockquote class=\"wp-embedded-content\" data-secret=\"akUdFKgx4B\"><a href=\"https:\/\/femergs.com.br\/wfe\/blog\/15-de-outubro-dia-dos-professores-e-professoras\/\">15 de Outubro &#8211; Dia dos Professores e Professoras!<\/a><\/blockquote><iframe sandbox=\"allow-scripts\" security=\"restricted\" src=\"https:\/\/femergs.com.br\/wfe\/blog\/15-de-outubro-dia-dos-professores-e-professoras\/embed\/#?secret=akUdFKgx4B\" width=\"600\" height=\"338\" title=\"&#8220;15 de Outubro &#8211; Dia dos Professores e Professoras!&#8221; &#8212; Federa\u00e7\u00e3o dos Municip\u00e1rios do Estado do Rio Grande do Sul\" data-secret=\"akUdFKgx4B\" frameborder=\"0\" marginwidth=\"0\" marginheight=\"0\" scrolling=\"no\" class=\"wp-embedded-content\"><\/iframe><script>\n\/*! This file is auto-generated *\/\n!function(d,l){\"use strict\";l.querySelector&&d.addEventListener&&\"undefined\"!=typeof URL&&(d.wp=d.wp||{},d.wp.receiveEmbedMessage||(d.wp.receiveEmbedMessage=function(e){var t=e.data;if((t||t.secret||t.message||t.value)&&!\/[^a-zA-Z0-9]\/.test(t.secret)){for(var s,r,n,a=l.querySelectorAll('iframe[data-secret=\"'+t.secret+'\"]'),o=l.querySelectorAll('blockquote[data-secret=\"'+t.secret+'\"]'),c=new RegExp(\"^https?:$\",\"i\"),i=0;i<o.length;i++)o[i].style.display=\"none\";for(i=0;i<a.length;i++)s=a[i],e.source===s.contentWindow&&(s.removeAttribute(\"style\"),\"height\"===t.message?(1e3<(r=parseInt(t.value,10))?r=1e3:~~r<200&&(r=200),s.height=r):\"link\"===t.message&&(r=new URL(s.getAttribute(\"src\")),n=new URL(t.value),c.test(n.protocol))&&n.host===r.host&&l.activeElement===s&&(d.top.location.href=t.value))}},d.addEventListener(\"message\",d.wp.receiveEmbedMessage,!1),l.addEventListener(\"DOMContentLoaded\",function(){for(var e,t,s=l.querySelectorAll(\"iframe.wp-embedded-content\"),r=0;r<s.length;r++)(t=(e=s[r]).getAttribute(\"data-secret\"))||(t=Math.random().toString(36).substring(2,12),e.src+=\"#?secret=\"+t,e.setAttribute(\"data-secret\",t)),e.contentWindow.postMessage({message:\"ready\",secret:t},\"*\")},!1)))}(window,document);\n<\/script>\n","description":"A for\u00e7a do professor Br\u00e1ulio Bessa Um guerreiro sem espada sem faca, foice ou fac\u00e3o, armado s\u00f3 de amor segurando um giz na m\u00e3o. O livro \u00e9 seu escudo que protege de tudo que possa lhe causar dor. Por isso eu tenho dito: Tenho f\u00e9 e acredito na for\u00e7a do professor. Ah&#8230; Se um dia [&hellip;]"}

Federação dos Municipários do Estado do Rio Grande do Sul

15 de Outubro - Dia dos Professores e Professoras! - Federação dos Municipários do Estado do Rio Grande do Sul

<blockquote class="wp-embedded-content" data-secret="akUdFKgx4B"><a href="https://femergs.com.br/wfe/blog/15-de-outubro-dia-dos-professores-e-professoras/">15 de Outubro &#8211; Dia dos Professores e Professoras!</a></blockquote><iframe sandbox="allow-scripts" security="restricted" src="https://femergs.com.br/wfe/blog/15-de-outubro-dia-dos-professores-e-professoras/embed/#?secret=akUdFKgx4B" width="600" height="338" title="&#8220;15 de Outubro &#8211; Dia dos Professores e Professoras!&#8221; &#8212; Federação dos Municipários do Estado do Rio Grande do Sul" data-secret="akUdFKgx4B" frameborder="0" marginwidth="0" marginheight="0" scrolling="no" class="wp-embedded-content"></iframe><script>
/*! This file is auto-generated */
!function(d,l){"use strict";l.querySelector&&d.addEventListener&&"undefined"!=typeof URL&&(d.wp=d.wp||{},d.wp.receiveEmbedMessage||(d.wp.receiveEmbedMessage=function(e){var t=e.data;if((t||t.secret||t.message||t.value)&&!/[^a-zA-Z0-9]/.test(t.secret)){for(var s,r,n,a=l.querySelectorAll('iframe[data-secret="'+t.secret+'"]'),o=l.querySelectorAll('blockquote[data-secret="'+t.secret+'"]'),c=new RegExp("^https?:$","i"),i=0;i<o.length;i++)o[i].style.display="none";for(i=0;i<a.length;i++)s=a[i],e.source===s.contentWindow&&(s.removeAttribute("style"),"height"===t.message?(1e3<(r=parseInt(t.value,10))?r=1e3:~~r<200&&(r=200),s.height=r):"link"===t.message&&(r=new URL(s.getAttribute("src")),n=new URL(t.value),c.test(n.protocol))&&n.host===r.host&&l.activeElement===s&&(d.top.location.href=t.value))}},d.addEventListener("message",d.wp.receiveEmbedMessage,!1),l.addEventListener("DOMContentLoaded",function(){for(var e,t,s=l.querySelectorAll("iframe.wp-embedded-content"),r=0;r<s.length;r++)(t=(e=s[r]).getAttribute("data-secret"))||(t=Math.random().toString(36).substring(2,12),e.src+="#?secret="+t,e.setAttribute("data-secret",t)),e.contentWindow.postMessage({message:"ready",secret:t},"*")},!1)))}(window,document);
</script>

A força do professor Bráulio Bessa Um guerreiro sem espada sem faca, foice ou facão, armado só de amor segurando um giz na mão. O livro é seu escudo que protege de tudo que possa lhe causar dor. Por isso eu tenho dito: Tenho fé e acredito na força do professor. Ah&#8230; Se um dia [&hellip;]
