{"version":"1.0","provider_name":"Federa\u00e7\u00e3o dos Municip\u00e1rios do Estado do Rio Grande do Sul","provider_url":"https:\/\/femergs.com.br\/wfe","author_name":"adminfemergs","author_url":"https:\/\/femergs.com.br\/wfe\/blog\/author\/adminfemergs\/","title":"FEMERGS promove di\u00e1logo em S\u00e3o Vicente do Sul - Federa\u00e7\u00e3o dos Municip\u00e1rios do Estado do Rio Grande do Sul","type":"rich","width":600,"height":338,"html":"<blockquote class=\"wp-embedded-content\" data-secret=\"njfoov4Erm\"><a href=\"https:\/\/femergs.com.br\/wfe\/blog\/femergs-promove-dialogo-em-sao-vicente-do-sul\/\">FEMERGS promove di\u00e1logo em S\u00e3o Vicente do Sul<\/a><\/blockquote><iframe sandbox=\"allow-scripts\" security=\"restricted\" src=\"https:\/\/femergs.com.br\/wfe\/blog\/femergs-promove-dialogo-em-sao-vicente-do-sul\/embed\/#?secret=njfoov4Erm\" width=\"600\" height=\"338\" title=\"&#8220;FEMERGS promove di\u00e1logo em S\u00e3o Vicente do Sul&#8221; &#8212; Federa\u00e7\u00e3o dos Municip\u00e1rios do Estado do Rio Grande do Sul\" data-secret=\"njfoov4Erm\" frameborder=\"0\" marginwidth=\"0\" marginheight=\"0\" scrolling=\"no\" class=\"wp-embedded-content\"><\/iframe><script>\n\/*! This file is auto-generated *\/\n!function(d,l){\"use strict\";l.querySelector&&d.addEventListener&&\"undefined\"!=typeof URL&&(d.wp=d.wp||{},d.wp.receiveEmbedMessage||(d.wp.receiveEmbedMessage=function(e){var t=e.data;if((t||t.secret||t.message||t.value)&&!\/[^a-zA-Z0-9]\/.test(t.secret)){for(var s,r,n,a=l.querySelectorAll('iframe[data-secret=\"'+t.secret+'\"]'),o=l.querySelectorAll('blockquote[data-secret=\"'+t.secret+'\"]'),c=new RegExp(\"^https?:$\",\"i\"),i=0;i<o.length;i++)o[i].style.display=\"none\";for(i=0;i<a.length;i++)s=a[i],e.source===s.contentWindow&&(s.removeAttribute(\"style\"),\"height\"===t.message?(1e3<(r=parseInt(t.value,10))?r=1e3:~~r<200&&(r=200),s.height=r):\"link\"===t.message&&(r=new URL(s.getAttribute(\"src\")),n=new URL(t.value),c.test(n.protocol))&&n.host===r.host&&l.activeElement===s&&(d.top.location.href=t.value))}},d.addEventListener(\"message\",d.wp.receiveEmbedMessage,!1),l.addEventListener(\"DOMContentLoaded\",function(){for(var e,t,s=l.querySelectorAll(\"iframe.wp-embedded-content\"),r=0;r<s.length;r++)(t=(e=s[r]).getAttribute(\"data-secret\"))||(t=Math.random().toString(36).substring(2,12),e.src+=\"#?secret=\"+t,e.setAttribute(\"data-secret\",t)),e.contentWindow.postMessage({message:\"ready\",secret:t},\"*\")},!1)))}(window,document);\n<\/script>\n","thumbnail_url":"https:\/\/femergs.com.br\/wfe\/wp-content\/uploads\/2025\/07\/femergs-saovicente.webp","thumbnail_width":724,"thumbnail_height":597,"description":"Na noite do dia 07 de janeiro de 2025, a Presidente da FEMERGS, Clarice In\u00eas Mainardi esteve no Municipio de S\u00e3o Vicente do Sul em uma reuni\u00e3o com algumas lideran\u00e7as sindicais da Regional Centro. Se fizeram presentes os Sindicatos dos Municip\u00e1rios de S\u00e3o Vicente do Sul, anfriti\u00e3 do evento, ao qual agradecemos em nome do [&hellip;]"}

Federação dos Municipários do Estado do Rio Grande do Sul

FEMERGS promove diálogo em São Vicente do Sul - Federação dos Municipários do Estado do Rio Grande do Sul

<blockquote class="wp-embedded-content" data-secret="njfoov4Erm"><a href="https://femergs.com.br/wfe/blog/femergs-promove-dialogo-em-sao-vicente-do-sul/">FEMERGS promove diálogo em São Vicente do Sul</a></blockquote><iframe sandbox="allow-scripts" security="restricted" src="https://femergs.com.br/wfe/blog/femergs-promove-dialogo-em-sao-vicente-do-sul/embed/#?secret=njfoov4Erm" width="600" height="338" title="&#8220;FEMERGS promove diálogo em São Vicente do Sul&#8221; &#8212; Federação dos Municipários do Estado do Rio Grande do Sul" data-secret="njfoov4Erm" frameborder="0" marginwidth="0" marginheight="0" scrolling="no" class="wp-embedded-content"></iframe><script>
/*! This file is auto-generated */
!function(d,l){"use strict";l.querySelector&&d.addEventListener&&"undefined"!=typeof URL&&(d.wp=d.wp||{},d.wp.receiveEmbedMessage||(d.wp.receiveEmbedMessage=function(e){var t=e.data;if((t||t.secret||t.message||t.value)&&!/[^a-zA-Z0-9]/.test(t.secret)){for(var s,r,n,a=l.querySelectorAll('iframe[data-secret="'+t.secret+'"]'),o=l.querySelectorAll('blockquote[data-secret="'+t.secret+'"]'),c=new RegExp("^https?:$","i"),i=0;i<o.length;i++)o[i].style.display="none";for(i=0;i<a.length;i++)s=a[i],e.source===s.contentWindow&&(s.removeAttribute("style"),"height"===t.message?(1e3<(r=parseInt(t.value,10))?r=1e3:~~r<200&&(r=200),s.height=r):"link"===t.message&&(r=new URL(s.getAttribute("src")),n=new URL(t.value),c.test(n.protocol))&&n.host===r.host&&l.activeElement===s&&(d.top.location.href=t.value))}},d.addEventListener("message",d.wp.receiveEmbedMessage,!1),l.addEventListener("DOMContentLoaded",function(){for(var e,t,s=l.querySelectorAll("iframe.wp-embedded-content"),r=0;r<s.length;r++)(t=(e=s[r]).getAttribute("data-secret"))||(t=Math.random().toString(36).substring(2,12),e.src+="#?secret="+t,e.setAttribute("data-secret",t)),e.contentWindow.postMessage({message:"ready",secret:t},"*")},!1)))}(window,document);
</script>

Na noite do dia 07 de janeiro de 2025, a Presidente da FEMERGS, Clarice Inês Mainardi esteve no Municipio de São Vicente do Sul em uma reunião com algumas lideranças sindicais da Regional Centro. Se fizeram presentes os Sindicatos dos Municipários de São Vicente do Sul, anfritiã do evento, ao qual agradecemos em nome do [&hellip;]
