{"version":"1.0","provider_name":"Federa\u00e7\u00e3o dos Municip\u00e1rios do Estado do Rio Grande do Sul","provider_url":"https:\/\/femergs.com.br\/wfe","author_name":"adminfemergs","author_url":"https:\/\/femergs.com.br\/wfe\/blog\/author\/adminfemergs\/","title":"REGIONAL ALTO JACU\u00cd TEM SUAS BASES VISITADAS - Federa\u00e7\u00e3o dos Municip\u00e1rios do Estado do Rio Grande do Sul","type":"rich","width":600,"height":338,"html":"<blockquote class=\"wp-embedded-content\" data-secret=\"Lk3OxyELKi\"><a href=\"https:\/\/femergs.com.br\/wfe\/blog\/regional-alto-jacui-tem-suas-bases-visitadas\/\">REGIONAL ALTO JACU\u00cd TEM SUAS BASES VISITADAS<\/a><\/blockquote><iframe sandbox=\"allow-scripts\" security=\"restricted\" src=\"https:\/\/femergs.com.br\/wfe\/blog\/regional-alto-jacui-tem-suas-bases-visitadas\/embed\/#?secret=Lk3OxyELKi\" width=\"600\" height=\"338\" title=\"&#8220;REGIONAL ALTO JACU\u00cd TEM SUAS BASES VISITADAS&#8221; &#8212; Federa\u00e7\u00e3o dos Municip\u00e1rios do Estado do Rio Grande do Sul\" data-secret=\"Lk3OxyELKi\" frameborder=\"0\" marginwidth=\"0\" marginheight=\"0\" scrolling=\"no\" class=\"wp-embedded-content\"><\/iframe><script>\n\/*! This file is auto-generated *\/\n!function(d,l){\"use strict\";l.querySelector&&d.addEventListener&&\"undefined\"!=typeof URL&&(d.wp=d.wp||{},d.wp.receiveEmbedMessage||(d.wp.receiveEmbedMessage=function(e){var t=e.data;if((t||t.secret||t.message||t.value)&&!\/[^a-zA-Z0-9]\/.test(t.secret)){for(var s,r,n,a=l.querySelectorAll('iframe[data-secret=\"'+t.secret+'\"]'),o=l.querySelectorAll('blockquote[data-secret=\"'+t.secret+'\"]'),c=new RegExp(\"^https?:$\",\"i\"),i=0;i<o.length;i++)o[i].style.display=\"none\";for(i=0;i<a.length;i++)s=a[i],e.source===s.contentWindow&&(s.removeAttribute(\"style\"),\"height\"===t.message?(1e3<(r=parseInt(t.value,10))?r=1e3:~~r<200&&(r=200),s.height=r):\"link\"===t.message&&(r=new URL(s.getAttribute(\"src\")),n=new URL(t.value),c.test(n.protocol))&&n.host===r.host&&l.activeElement===s&&(d.top.location.href=t.value))}},d.addEventListener(\"message\",d.wp.receiveEmbedMessage,!1),l.addEventListener(\"DOMContentLoaded\",function(){for(var e,t,s=l.querySelectorAll(\"iframe.wp-embedded-content\"),r=0;r<s.length;r++)(t=(e=s[r]).getAttribute(\"data-secret\"))||(t=Math.random().toString(36).substring(2,12),e.src+=\"#?secret=\"+t,e.setAttribute(\"data-secret\",t)),e.contentWindow.postMessage({message:\"ready\",secret:t},\"*\")},!1)))}(window,document);\n<\/script>\n","description":"A Regional Alto Jacu\u00ed recebeu visita do coordenador Eduardo Grespan, assim como o Presidente da Federa\u00e7\u00e3o dos Municip\u00e1rios do Estado do Rio Grande do Sul &#8211; FEMERGS e do Secret\u00e1rio de Organiza\u00e7\u00e3o Sindical Eldo Ign\u00e1cio Grunitzky. Nestas visitas o objetivo principal foi a busca e auxilio nas documenta\u00e7\u00f5es, a entrega de brindes e um di\u00e1logo [&hellip;]"}

Federação dos Municipários do Estado do Rio Grande do Sul

REGIONAL ALTO JACUÍ TEM SUAS BASES VISITADAS - Federação dos Municipários do Estado do Rio Grande do Sul

<blockquote class="wp-embedded-content" data-secret="Lk3OxyELKi"><a href="https://femergs.com.br/wfe/blog/regional-alto-jacui-tem-suas-bases-visitadas/">REGIONAL ALTO JACUÍ TEM SUAS BASES VISITADAS</a></blockquote><iframe sandbox="allow-scripts" security="restricted" src="https://femergs.com.br/wfe/blog/regional-alto-jacui-tem-suas-bases-visitadas/embed/#?secret=Lk3OxyELKi" width="600" height="338" title="&#8220;REGIONAL ALTO JACUÍ TEM SUAS BASES VISITADAS&#8221; &#8212; Federação dos Municipários do Estado do Rio Grande do Sul" data-secret="Lk3OxyELKi" frameborder="0" marginwidth="0" marginheight="0" scrolling="no" class="wp-embedded-content"></iframe><script>
/*! This file is auto-generated */
!function(d,l){"use strict";l.querySelector&&d.addEventListener&&"undefined"!=typeof URL&&(d.wp=d.wp||{},d.wp.receiveEmbedMessage||(d.wp.receiveEmbedMessage=function(e){var t=e.data;if((t||t.secret||t.message||t.value)&&!/[^a-zA-Z0-9]/.test(t.secret)){for(var s,r,n,a=l.querySelectorAll('iframe[data-secret="'+t.secret+'"]'),o=l.querySelectorAll('blockquote[data-secret="'+t.secret+'"]'),c=new RegExp("^https?:$","i"),i=0;i<o.length;i++)o[i].style.display="none";for(i=0;i<a.length;i++)s=a[i],e.source===s.contentWindow&&(s.removeAttribute("style"),"height"===t.message?(1e3<(r=parseInt(t.value,10))?r=1e3:~~r<200&&(r=200),s.height=r):"link"===t.message&&(r=new URL(s.getAttribute("src")),n=new URL(t.value),c.test(n.protocol))&&n.host===r.host&&l.activeElement===s&&(d.top.location.href=t.value))}},d.addEventListener("message",d.wp.receiveEmbedMessage,!1),l.addEventListener("DOMContentLoaded",function(){for(var e,t,s=l.querySelectorAll("iframe.wp-embedded-content"),r=0;r<s.length;r++)(t=(e=s[r]).getAttribute("data-secret"))||(t=Math.random().toString(36).substring(2,12),e.src+="#?secret="+t,e.setAttribute("data-secret",t)),e.contentWindow.postMessage({message:"ready",secret:t},"*")},!1)))}(window,document);
</script>

A Regional Alto Jacuí recebeu visita do coordenador Eduardo Grespan, assim como o Presidente da Federação dos Municipários do Estado do Rio Grande do Sul &#8211; FEMERGS e do Secretário de Organização Sindical Eldo Ignácio Grunitzky. Nestas visitas o objetivo principal foi a busca e auxilio nas documentações, a entrega de brindes e um diálogo [&hellip;]
