{"version":"1.0","provider_name":"Federa\u00e7\u00e3o dos Municip\u00e1rios do Estado do Rio Grande do Sul","provider_url":"https:\/\/femergs.com.br\/wfe","author_name":"adminfemergs","author_url":"https:\/\/femergs.com.br\/wfe\/blog\/author\/adminfemergs\/","title":"SEMIN\u00c1RIO DE QUALIFICA\u00c7\u00c3O DO TRABALHADOR P\u00daBLICO - SANTA MARIA - Federa\u00e7\u00e3o dos Municip\u00e1rios do Estado do Rio Grande do Sul","type":"rich","width":600,"height":338,"html":"<blockquote class=\"wp-embedded-content\" data-secret=\"0XLKbdkJ5Z\"><a href=\"https:\/\/femergs.com.br\/wfe\/blog\/seminario-de-qualificacao-do-trabalhador-publico-santa-maria\/\">SEMIN\u00c1RIO DE QUALIFICA\u00c7\u00c3O DO TRABALHADOR P\u00daBLICO &#8211; SANTA MARIA<\/a><\/blockquote><iframe sandbox=\"allow-scripts\" security=\"restricted\" src=\"https:\/\/femergs.com.br\/wfe\/blog\/seminario-de-qualificacao-do-trabalhador-publico-santa-maria\/embed\/#?secret=0XLKbdkJ5Z\" width=\"600\" height=\"338\" title=\"&#8220;SEMIN\u00c1RIO DE QUALIFICA\u00c7\u00c3O DO TRABALHADOR P\u00daBLICO &#8211; SANTA MARIA&#8221; &#8212; Federa\u00e7\u00e3o dos Municip\u00e1rios do Estado do Rio Grande do Sul\" data-secret=\"0XLKbdkJ5Z\" frameborder=\"0\" marginwidth=\"0\" marginheight=\"0\" scrolling=\"no\" class=\"wp-embedded-content\"><\/iframe><script>\n\/*! This file is auto-generated *\/\n!function(d,l){\"use strict\";l.querySelector&&d.addEventListener&&\"undefined\"!=typeof URL&&(d.wp=d.wp||{},d.wp.receiveEmbedMessage||(d.wp.receiveEmbedMessage=function(e){var t=e.data;if((t||t.secret||t.message||t.value)&&!\/[^a-zA-Z0-9]\/.test(t.secret)){for(var s,r,n,a=l.querySelectorAll('iframe[data-secret=\"'+t.secret+'\"]'),o=l.querySelectorAll('blockquote[data-secret=\"'+t.secret+'\"]'),c=new RegExp(\"^https?:$\",\"i\"),i=0;i<o.length;i++)o[i].style.display=\"none\";for(i=0;i<a.length;i++)s=a[i],e.source===s.contentWindow&&(s.removeAttribute(\"style\"),\"height\"===t.message?(1e3<(r=parseInt(t.value,10))?r=1e3:~~r<200&&(r=200),s.height=r):\"link\"===t.message&&(r=new URL(s.getAttribute(\"src\")),n=new URL(t.value),c.test(n.protocol))&&n.host===r.host&&l.activeElement===s&&(d.top.location.href=t.value))}},d.addEventListener(\"message\",d.wp.receiveEmbedMessage,!1),l.addEventListener(\"DOMContentLoaded\",function(){for(var e,t,s=l.querySelectorAll(\"iframe.wp-embedded-content\"),r=0;r<s.length;r++)(t=(e=s[r]).getAttribute(\"data-secret\"))||(t=Math.random().toString(36).substring(2,12),e.src+=\"#?secret=\"+t,e.setAttribute(\"data-secret\",t)),e.contentWindow.postMessage({message:\"ready\",secret:t},\"*\")},!1)))}(window,document);\n<\/script>\n","description":"No dia 05 de agosto de 2017, das 8:30hs \u00e0s 16:30hs, acontecer\u00e1 no audit\u00f3rio de Qu\u00edmica, da Universidade Federal de Santa Maria, no Bairro Camobi em Santa Maria &#8211; RS, o Semin\u00e1rio de Qualifica\u00e7\u00e3o do Trabalhador P\u00fablico. Com uma programa\u00e7\u00e3o especial que vai de paineis motivacionais, at\u00e9 a forma\u00e7\u00e3o sindical, trazendo a tona a hist\u00f3ria [&hellip;]"}

Federação dos Municipários do Estado do Rio Grande do Sul

SEMINÁRIO DE QUALIFICAÇÃO DO TRABALHADOR PÚBLICO - SANTA MARIA - Federação dos Municipários do Estado do Rio Grande do Sul

<blockquote class="wp-embedded-content" data-secret="0XLKbdkJ5Z"><a href="https://femergs.com.br/wfe/blog/seminario-de-qualificacao-do-trabalhador-publico-santa-maria/">SEMINÁRIO DE QUALIFICAÇÃO DO TRABALHADOR PÚBLICO &#8211; SANTA MARIA</a></blockquote><iframe sandbox="allow-scripts" security="restricted" src="https://femergs.com.br/wfe/blog/seminario-de-qualificacao-do-trabalhador-publico-santa-maria/embed/#?secret=0XLKbdkJ5Z" width="600" height="338" title="&#8220;SEMINÁRIO DE QUALIFICAÇÃO DO TRABALHADOR PÚBLICO &#8211; SANTA MARIA&#8221; &#8212; Federação dos Municipários do Estado do Rio Grande do Sul" data-secret="0XLKbdkJ5Z" frameborder="0" marginwidth="0" marginheight="0" scrolling="no" class="wp-embedded-content"></iframe><script>
/*! This file is auto-generated */
!function(d,l){"use strict";l.querySelector&&d.addEventListener&&"undefined"!=typeof URL&&(d.wp=d.wp||{},d.wp.receiveEmbedMessage||(d.wp.receiveEmbedMessage=function(e){var t=e.data;if((t||t.secret||t.message||t.value)&&!/[^a-zA-Z0-9]/.test(t.secret)){for(var s,r,n,a=l.querySelectorAll('iframe[data-secret="'+t.secret+'"]'),o=l.querySelectorAll('blockquote[data-secret="'+t.secret+'"]'),c=new RegExp("^https?:$","i"),i=0;i<o.length;i++)o[i].style.display="none";for(i=0;i<a.length;i++)s=a[i],e.source===s.contentWindow&&(s.removeAttribute("style"),"height"===t.message?(1e3<(r=parseInt(t.value,10))?r=1e3:~~r<200&&(r=200),s.height=r):"link"===t.message&&(r=new URL(s.getAttribute("src")),n=new URL(t.value),c.test(n.protocol))&&n.host===r.host&&l.activeElement===s&&(d.top.location.href=t.value))}},d.addEventListener("message",d.wp.receiveEmbedMessage,!1),l.addEventListener("DOMContentLoaded",function(){for(var e,t,s=l.querySelectorAll("iframe.wp-embedded-content"),r=0;r<s.length;r++)(t=(e=s[r]).getAttribute("data-secret"))||(t=Math.random().toString(36).substring(2,12),e.src+="#?secret="+t,e.setAttribute("data-secret",t)),e.contentWindow.postMessage({message:"ready",secret:t},"*")},!1)))}(window,document);
</script>

No dia 05 de agosto de 2017, das 8:30hs às 16:30hs, acontecerá no auditório de Química, da Universidade Federal de Santa Maria, no Bairro Camobi em Santa Maria &#8211; RS, o Seminário de Qualificação do Trabalhador Público. Com uma programação especial que vai de paineis motivacionais, até a formação sindical, trazendo a tona a história [&hellip;]
