{"id":317,"date":"2025-07-03T18:00:49","date_gmt":"2025-07-03T18:00:49","guid":{"rendered":"https:\/\/femergs.com.br\/wfe\/?page_id=317"},"modified":"2025-08-26T11:38:54","modified_gmt":"2025-08-26T11:38:54","slug":"representatividade","status":"publish","type":"page","link":"https:\/\/femergs.com.br\/wfe\/representatividade\/","title":{"rendered":"Representatividade"},"content":{"rendered":"\n<div class=\"wp-block-columns is-layout-flex wp-container-core-columns-is-layout-28f84493 wp-block-columns-is-layout-flex\">\n<div class=\"wp-block-column is-layout-flow wp-block-column-is-layout-flow\">\n<p class=\"has-text-align-left\">A organiza\u00e7\u00e3o regional dos sindicatos filiados \u00e0 Federa\u00e7\u00e3o dos Servidores e Funcion\u00e1rios Municipais do Estado do Rio Grande do Sul (FEMERGS) \u00e9 de suma import\u00e2ncia para fortalecer a atua\u00e7\u00e3o dessas entidades e aprimorar a defesa dos direitos dos servidores municipais. Essa articula\u00e7\u00e3o, que agrupa munic\u00edpios com realidades socioecon\u00f4micas e culturais semelhantes, permite uma abordagem mais eficiente e estrat\u00e9gica.<\/p>\n\n\n\n<p>A Constitui\u00e7\u00e3o Federal estabelece que a legisla\u00e7\u00e3o municipal deve ser organizada em conformidade com a realidade local. Ao se unirem, os sindicatos de munic\u00edpios pr\u00f3ximos podem aprofundar o conhecimento sobre suas especificidades, como desafios e necessidades compartilhadas. Isso viabiliza a elabora\u00e7\u00e3o de pautas e estrat\u00e9gias de negocia\u00e7\u00e3o mais alinhadas com as particularidades de cada regi\u00e3o, garantindo que os recursos e esfor\u00e7os sejam direcionados para onde realmente s\u00e3o necess\u00e1rios.<\/p>\n\n\n\n<p>A luta por direitos se torna mais forte e respons\u00e1vel quando realizada em conjunto. A colabora\u00e7\u00e3o entre sindicatos permite a troca de experi\u00eancias e a ado\u00e7\u00e3o de t\u00e1ticas comprovadamente eficazes. Al\u00e9m disso, a uni\u00e3o de for\u00e7as aumenta o poder de negocia\u00e7\u00e3o perante as administra\u00e7\u00f5es municipais e fortalece a voz dos servidores, tornando as reivindica\u00e7\u00f5es mais dif\u00edceis de serem ignoradas. A organiza\u00e7\u00e3o regional \u00e9, portanto, uma ferramenta poderosa para assegurar que a luta pelos direitos dos trabalhadores seja conduzida com intelig\u00eancia, solidariedade e responsabilidade, resultando em munic\u00edpios mais fortes e com servidores valorizados.<\/p>\n<\/div>\n\n\n\n<div class=\"wp-block-column is-layout-flow wp-block-column-is-layout-flow\">\n<figure class=\"wp-block-image size-full\"><img data-dominant-color=\"778c41\" data-has-transparency=\"true\" style=\"--dominant-color: #778c41;\" decoding=\"async\" src=\"data:image\/gif;base64,R0lGODlhAQABAIAAAAAAAP\/\/\/ywAAAAAAQABAAACAUwAOw==\" fifu-lazy=\"1\" fifu-data-sizes=\"auto\" fifu-data-srcset=\"https:\/\/i3.wp.com\/femergs.com.br\/wfe\/wp-content\/uploads\/2025\/08\/bonecos-representa-femergs.webp?ssl=1&w=75&resize=75&ssl=1 75w, https:\/\/i3.wp.com\/femergs.com.br\/wfe\/wp-content\/uploads\/2025\/08\/bonecos-representa-femergs.webp?ssl=1&w=100&resize=100&ssl=1 100w, https:\/\/i3.wp.com\/femergs.com.br\/wfe\/wp-content\/uploads\/2025\/08\/bonecos-representa-femergs.webp?ssl=1&w=150&resize=150&ssl=1 150w, https:\/\/i3.wp.com\/femergs.com.br\/wfe\/wp-content\/uploads\/2025\/08\/bonecos-representa-femergs.webp?ssl=1&w=240&resize=240&ssl=1 240w, https:\/\/i3.wp.com\/femergs.com.br\/wfe\/wp-content\/uploads\/2025\/08\/bonecos-representa-femergs.webp?ssl=1&w=320&resize=320&ssl=1 320w, https:\/\/i3.wp.com\/femergs.com.br\/wfe\/wp-content\/uploads\/2025\/08\/bonecos-representa-femergs.webp?ssl=1&w=500&resize=500&ssl=1 500w, https:\/\/i3.wp.com\/femergs.com.br\/wfe\/wp-content\/uploads\/2025\/08\/bonecos-representa-femergs.webp?ssl=1&w=640&resize=640&ssl=1 640w, https:\/\/i3.wp.com\/femergs.com.br\/wfe\/wp-content\/uploads\/2025\/08\/bonecos-representa-femergs.webp?ssl=1&w=800&resize=800&ssl=1 800w, https:\/\/i3.wp.com\/femergs.com.br\/wfe\/wp-content\/uploads\/2025\/08\/bonecos-representa-femergs.webp?ssl=1&w=1024&resize=1024&ssl=1 1024w, https:\/\/i3.wp.com\/femergs.com.br\/wfe\/wp-content\/uploads\/2025\/08\/bonecos-representa-femergs.webp?ssl=1&w=1280&resize=1280&ssl=1 1280w, https:\/\/i3.wp.com\/femergs.com.br\/wfe\/wp-content\/uploads\/2025\/08\/bonecos-representa-femergs.webp?ssl=1&w=1600&resize=1600&ssl=1 1600w\" fifu-data-src=\"https:\/\/i3.wp.com\/femergs.com.br\/wfe\/wp-content\/uploads\/2025\/08\/bonecos-representa-femergs.webp?ssl=1\" alt=\"\" class=\"wp-image-1024 has-transparency\"\/><\/figure>\n<\/div>\n<\/div>\n\n\n\n<div style=\"height:100px\" aria-hidden=\"true\" class=\"wp-block-spacer\"><\/div>\n\n\n\n<p><\/p>\n","protected":false},"excerpt":{"rendered":"<p>A organiza\u00e7\u00e3o regional dos sindicatos filiados \u00e0 Federa\u00e7\u00e3o dos Servidores e Funcion\u00e1rios Municipais do Estado do Rio Grande do Sul (FEMERGS) \u00e9 de suma import\u00e2ncia para fortalecer a atua\u00e7\u00e3o dessas entidades e aprimorar a defesa dos direitos dos servidores municipais. Essa articula\u00e7\u00e3o, que agrupa munic\u00edpios com realidades socioecon\u00f4micas e culturais semelhantes, permite uma abordagem mais [&hellip;]<\/p>\n","protected":false},"author":1,"featured_media":1674,"parent":0,"menu_order":0,"comment_status":"closed","ping_status":"closed","template":"","meta":{"_eb_attr":"","_uag_custom_page_level_css":"","footnotes":""},"class_list":["post-317","page","type-page","status-publish","has-post-thumbnail","hentry"],"yoast_head":"<!-- This site is optimized with the Yoast SEO plugin v27.1.1 - https:\/\/yoast.com\/product\/yoast-seo-wordpress\/ -->\n<title>Representatividade - Federa\u00e7\u00e3o dos Municip\u00e1rios do Estado do Rio Grande do Sul<\/title>\n<meta name=\"description\" content=\"A organiza\u00e7\u00e3o regional dos sindicatos filiados \u00e0 FEMERGS \u00e9 de suma import\u00e2ncia para fortalecer a atua\u00e7\u00e3o dessas entidades.\" \/>\n<meta name=\"robots\" content=\"index, follow, max-snippet:-1, max-image-preview:large, max-video-preview:-1\" \/>\n<link rel=\"canonical\" href=\"https:\/\/femergs.com.br\/wfe\/representatividade\/\" \/>\n<meta property=\"og:locale\" content=\"pt_BR\" \/>\n<meta property=\"og:type\" content=\"article\" \/>\n<meta property=\"og:title\" content=\"Representatividade - Federa\u00e7\u00e3o dos Municip\u00e1rios do Estado do Rio Grande do Sul\" \/>\n<meta property=\"og:description\" content=\"A organiza\u00e7\u00e3o regional dos sindicatos filiados \u00e0 FEMERGS \u00e9 de suma import\u00e2ncia para fortalecer a atua\u00e7\u00e3o dessas entidades.\" \/>\n<meta property=\"og:url\" content=\"https:\/\/femergs.com.br\/wfe\/representatividade\/\" \/>\n<meta property=\"og:site_name\" content=\"Federa\u00e7\u00e3o dos Municip\u00e1rios do Estado do Rio Grande do Sul\" \/>\n<meta property=\"article:publisher\" content=\"https:\/\/www.facebook.com\/profile.php?id=100057151733001\" \/>\n<meta property=\"article:modified_time\" content=\"2025-08-26T11:38:54+00:00\" \/>\n<meta property=\"og:image\" content=\"https:\/\/femergs.com.br\/wfe\/wp-content\/uploads\/2025\/08\/bonecos-representa-femergs.webp\" \/>\n<meta name=\"twitter:card\" content=\"summary_large_image\" \/>\n<meta name=\"twitter:image\" content=\"https:\/\/femergs.com.br\/wfe\/wp-content\/uploads\/2025\/08\/bonecos-representa-femergs.webp\" \/>\n<meta name=\"twitter:label1\" content=\"Est. tempo de leitura\" \/>\n\t<meta name=\"twitter:data1\" content=\"2 minutos\" \/>\n<script type=\"application\/ld+json\" class=\"yoast-schema-graph\">{\"@context\":\"https:\/\/schema.org\",\"@graph\":[{\"@type\":\"WebPage\",\"@id\":\"https:\/\/femergs.com.br\/wfe\/representatividade\/\",\"url\":\"https:\/\/femergs.com.br\/wfe\/representatividade\/\",\"name\":\"Representatividade - Federa\u00e7\u00e3o dos Municip\u00e1rios do Estado do Rio Grande do Sul\",\"isPartOf\":{\"@id\":\"https:\/\/femergs.com.br\/wfe\/#website\"},\"primaryImageOfPage\":{\"@id\":\"https:\/\/femergs.com.br\/wfe\/representatividade\/#primaryimage\"},\"image\":{\"@id\":\"https:\/\/femergs.com.br\/wfe\/representatividade\/#primaryimage\"},\"thumbnailUrl\":\"https:\/\/i3.wp.com\/femergs.com.br\/wfe\/wp-content\/uploads\/2025\/08\/bonecos-representa-femergs.webp?ssl=1\",\"datePublished\":\"2025-07-03T18:00:49+00:00\",\"dateModified\":\"2025-08-26T11:38:54+00:00\",\"description\":\"A organiza\u00e7\u00e3o regional dos sindicatos filiados \u00e0 FEMERGS \u00e9 de suma import\u00e2ncia para fortalecer a atua\u00e7\u00e3o dessas entidades.\",\"breadcrumb\":{\"@id\":\"https:\/\/femergs.com.br\/wfe\/representatividade\/#breadcrumb\"},\"inLanguage\":\"pt-BR\",\"potentialAction\":[{\"@type\":\"ReadAction\",\"target\":[\"https:\/\/femergs.com.br\/wfe\/representatividade\/\"]}]},{\"@type\":\"ImageObject\",\"inLanguage\":\"pt-BR\",\"@id\":\"https:\/\/femergs.com.br\/wfe\/representatividade\/#primaryimage\",\"url\":\"https:\/\/i3.wp.com\/femergs.com.br\/wfe\/wp-content\/uploads\/2025\/08\/bonecos-representa-femergs.webp?ssl=1\",\"contentUrl\":\"https:\/\/i3.wp.com\/femergs.com.br\/wfe\/wp-content\/uploads\/2025\/08\/bonecos-representa-femergs.webp?ssl=1\"},{\"@type\":\"BreadcrumbList\",\"@id\":\"https:\/\/femergs.com.br\/wfe\/representatividade\/#breadcrumb\",\"itemListElement\":[{\"@type\":\"ListItem\",\"position\":1,\"name\":\"In\u00edcio\",\"item\":\"https:\/\/femergs.com.br\/wfe\/\"},{\"@type\":\"ListItem\",\"position\":2,\"name\":\"Representatividade\"}]},{\"@type\":\"WebSite\",\"@id\":\"https:\/\/femergs.com.br\/wfe\/#website\",\"url\":\"https:\/\/femergs.com.br\/wfe\/\",\"name\":\"FEMERGS\",\"description\":\"FEDERA\u00c7\u00c3O DOS MUNICIP\u00c1RIOS DO ESTADO DO RIO GRANDE DO SUL\",\"publisher\":{\"@id\":\"https:\/\/femergs.com.br\/wfe\/#organization\"},\"potentialAction\":[{\"@type\":\"SearchAction\",\"target\":{\"@type\":\"EntryPoint\",\"urlTemplate\":\"https:\/\/femergs.com.br\/wfe\/?s={search_term_string}\"},\"query-input\":{\"@type\":\"PropertyValueSpecification\",\"valueRequired\":true,\"valueName\":\"search_term_string\"}}],\"inLanguage\":\"pt-BR\"},{\"@type\":\"Organization\",\"@id\":\"https:\/\/femergs.com.br\/wfe\/#organization\",\"name\":\"FEMERGS\",\"url\":\"https:\/\/femergs.com.br\/wfe\/\",\"logo\":{\"@type\":\"ImageObject\",\"inLanguage\":\"pt-BR\",\"@id\":\"https:\/\/femergs.com.br\/wfe\/#\/schema\/logo\/image\/\",\"url\":\"https:\/\/femergs.com.br\/wfe\/wp-content\/uploads\/2025\/06\/logotipo.png\",\"contentUrl\":\"https:\/\/femergs.com.br\/wfe\/wp-content\/uploads\/2025\/06\/logotipo.png\",\"width\":500,\"height\":500,\"caption\":\"FEMERGS\"},\"image\":{\"@id\":\"https:\/\/femergs.com.br\/wfe\/#\/schema\/logo\/image\/\"},\"sameAs\":[\"https:\/\/www.facebook.com\/profile.php?id=100057151733001\",\"https:\/\/www.instagram.com\/femergs_rs\/\"]}]}<\/script>\n<!-- \/ Yoast SEO plugin. -->","yoast_head_json":{"title":"Representatividade - Federa\u00e7\u00e3o dos Municip\u00e1rios do Estado do Rio Grande do Sul","description":"A organiza\u00e7\u00e3o regional dos sindicatos filiados \u00e0 FEMERGS \u00e9 de suma import\u00e2ncia para fortalecer a atua\u00e7\u00e3o dessas entidades.","robots":{"index":"index","follow":"follow","max-snippet":"max-snippet:-1","max-image-preview":"max-image-preview:large","max-video-preview":"max-video-preview:-1"},"canonical":"https:\/\/femergs.com.br\/wfe\/representatividade\/","og_locale":"pt_BR","og_type":"article","og_title":"Representatividade - Federa\u00e7\u00e3o dos Municip\u00e1rios do Estado do Rio Grande do Sul","og_description":"A organiza\u00e7\u00e3o regional dos sindicatos filiados \u00e0 FEMERGS \u00e9 de suma import\u00e2ncia para fortalecer a atua\u00e7\u00e3o dessas entidades.","og_url":"https:\/\/femergs.com.br\/wfe\/representatividade\/","og_site_name":"Federa\u00e7\u00e3o dos Municip\u00e1rios do Estado do Rio Grande do Sul","article_publisher":"https:\/\/www.facebook.com\/profile.php?id=100057151733001","article_modified_time":"2025-08-26T11:38:54+00:00","og_image":[{"url":"https:\/\/femergs.com.br\/wfe\/wp-content\/uploads\/2025\/08\/bonecos-representa-femergs.webp","type":"","width":"","height":""}],"twitter_card":"summary_large_image","twitter_image":"https:\/\/femergs.com.br\/wfe\/wp-content\/uploads\/2025\/08\/bonecos-representa-femergs.webp","twitter_misc":{"Est. tempo de leitura":"2 minutos"},"schema":{"@context":"https:\/\/schema.org","@graph":[{"@type":"WebPage","@id":"https:\/\/femergs.com.br\/wfe\/representatividade\/","url":"https:\/\/femergs.com.br\/wfe\/representatividade\/","name":"Representatividade - Federa\u00e7\u00e3o dos Municip\u00e1rios do Estado do Rio Grande do Sul","isPartOf":{"@id":"https:\/\/femergs.com.br\/wfe\/#website"},"primaryImageOfPage":{"@id":"https:\/\/femergs.com.br\/wfe\/representatividade\/#primaryimage"},"image":{"@id":"https:\/\/femergs.com.br\/wfe\/representatividade\/#primaryimage"},"thumbnailUrl":"https:\/\/i3.wp.com\/femergs.com.br\/wfe\/wp-content\/uploads\/2025\/08\/bonecos-representa-femergs.webp?ssl=1","datePublished":"2025-07-03T18:00:49+00:00","dateModified":"2025-08-26T11:38:54+00:00","description":"A organiza\u00e7\u00e3o regional dos sindicatos filiados \u00e0 FEMERGS \u00e9 de suma import\u00e2ncia para fortalecer a atua\u00e7\u00e3o dessas entidades.","breadcrumb":{"@id":"https:\/\/femergs.com.br\/wfe\/representatividade\/#breadcrumb"},"inLanguage":"pt-BR","potentialAction":[{"@type":"ReadAction","target":["https:\/\/femergs.com.br\/wfe\/representatividade\/"]}]},{"@type":"ImageObject","inLanguage":"pt-BR","@id":"https:\/\/femergs.com.br\/wfe\/representatividade\/#primaryimage","url":"https:\/\/i3.wp.com\/femergs.com.br\/wfe\/wp-content\/uploads\/2025\/08\/bonecos-representa-femergs.webp?ssl=1","contentUrl":"https:\/\/i3.wp.com\/femergs.com.br\/wfe\/wp-content\/uploads\/2025\/08\/bonecos-representa-femergs.webp?ssl=1"},{"@type":"BreadcrumbList","@id":"https:\/\/femergs.com.br\/wfe\/representatividade\/#breadcrumb","itemListElement":[{"@type":"ListItem","position":1,"name":"In\u00edcio","item":"https:\/\/femergs.com.br\/wfe\/"},{"@type":"ListItem","position":2,"name":"Representatividade"}]},{"@type":"WebSite","@id":"https:\/\/femergs.com.br\/wfe\/#website","url":"https:\/\/femergs.com.br\/wfe\/","name":"FEMERGS","description":"FEDERA\u00c7\u00c3O DOS MUNICIP\u00c1RIOS DO ESTADO DO RIO GRANDE DO SUL","publisher":{"@id":"https:\/\/femergs.com.br\/wfe\/#organization"},"potentialAction":[{"@type":"SearchAction","target":{"@type":"EntryPoint","urlTemplate":"https:\/\/femergs.com.br\/wfe\/?s={search_term_string}"},"query-input":{"@type":"PropertyValueSpecification","valueRequired":true,"valueName":"search_term_string"}}],"inLanguage":"pt-BR"},{"@type":"Organization","@id":"https:\/\/femergs.com.br\/wfe\/#organization","name":"FEMERGS","url":"https:\/\/femergs.com.br\/wfe\/","logo":{"@type":"ImageObject","inLanguage":"pt-BR","@id":"https:\/\/femergs.com.br\/wfe\/#\/schema\/logo\/image\/","url":"https:\/\/femergs.com.br\/wfe\/wp-content\/uploads\/2025\/06\/logotipo.png","contentUrl":"https:\/\/femergs.com.br\/wfe\/wp-content\/uploads\/2025\/06\/logotipo.png","width":500,"height":500,"caption":"FEMERGS"},"image":{"@id":"https:\/\/femergs.com.br\/wfe\/#\/schema\/logo\/image\/"},"sameAs":["https:\/\/www.facebook.com\/profile.php?id=100057151733001","https:\/\/www.instagram.com\/femergs_rs\/"]}]}},"uagb_featured_image_src":{"full":["https:\/\/i3.wp.com\/femergs.com.br\/wfe\/wp-content\/uploads\/2025\/08\/bonecos-representa-femergs.webp?ssl=1",0,0,false],"thumbnail":["https:\/\/i2.wp.com\/femergs.com.br\/wfe\/wp-content\/uploads\/2025\/08\/bonecos-representa-femergs.webp?w=150&resize=150,150&ssl=1",150,150,true],"medium":["https:\/\/i2.wp.com\/femergs.com.br\/wfe\/wp-content\/uploads\/2025\/08\/bonecos-representa-femergs.webp?w=300&resize=300,300&ssl=1",300,300,true],"medium_large":["https:\/\/i2.wp.com\/femergs.com.br\/wfe\/wp-content\/uploads\/2025\/08\/bonecos-representa-femergs.webp?w=768&resize=768,0&ssl=1",768,0,true],"large":["https:\/\/i2.wp.com\/femergs.com.br\/wfe\/wp-content\/uploads\/2025\/08\/bonecos-representa-femergs.webp?w=1024&resize=1024,1024&ssl=1",1024,1024,true],"1536x1536":["https:\/\/i2.wp.com\/femergs.com.br\/wfe\/wp-content\/uploads\/2025\/08\/bonecos-representa-femergs.webp?w=1536&resize=1536,1536&ssl=1",1536,1536,true],"2048x2048":["https:\/\/i2.wp.com\/femergs.com.br\/wfe\/wp-content\/uploads\/2025\/08\/bonecos-representa-femergs.webp?w=2048&resize=2048,2048&ssl=1",2048,2048,true],"ultp_layout_landscape_large":["https:\/\/i2.wp.com\/femergs.com.br\/wfe\/wp-content\/uploads\/2025\/08\/bonecos-representa-femergs.webp?w=1200&resize=1200,800&ssl=1",1200,800,true],"ultp_layout_landscape":["https:\/\/i2.wp.com\/femergs.com.br\/wfe\/wp-content\/uploads\/2025\/08\/bonecos-representa-femergs.webp?w=870&resize=870,570&ssl=1",870,570,true],"ultp_layout_portrait":["https:\/\/i2.wp.com\/femergs.com.br\/wfe\/wp-content\/uploads\/2025\/08\/bonecos-representa-femergs.webp?w=600&resize=600,900&ssl=1",600,900,true],"ultp_layout_square":["https:\/\/i2.wp.com\/femergs.com.br\/wfe\/wp-content\/uploads\/2025\/08\/bonecos-representa-femergs.webp?w=600&resize=600,600&ssl=1",600,600,true]},"uagb_author_info":{"display_name":"adminfemergs","author_link":"https:\/\/femergs.com.br\/wfe\/blog\/author\/adminfemergs\/"},"uagb_comment_info":0,"uagb_excerpt":"A organiza\u00e7\u00e3o regional dos sindicatos filiados \u00e0 Federa\u00e7\u00e3o dos Servidores e Funcion\u00e1rios Municipais do Estado do Rio Grande do Sul (FEMERGS) \u00e9 de suma import\u00e2ncia para fortalecer a atua\u00e7\u00e3o dessas entidades e aprimorar a defesa dos direitos dos servidores municipais. Essa articula\u00e7\u00e3o, que agrupa munic\u00edpios com realidades socioecon\u00f4micas e culturais semelhantes, permite uma abordagem mais&hellip;","_links":{"self":[{"href":"https:\/\/femergs.com.br\/wfe\/wp-json\/wp\/v2\/pages\/317","targetHints":{"allow":["GET"]}}],"collection":[{"href":"https:\/\/femergs.com.br\/wfe\/wp-json\/wp\/v2\/pages"}],"about":[{"href":"https:\/\/femergs.com.br\/wfe\/wp-json\/wp\/v2\/types\/page"}],"author":[{"embeddable":true,"href":"https:\/\/femergs.com.br\/wfe\/wp-json\/wp\/v2\/users\/1"}],"replies":[{"embeddable":true,"href":"https:\/\/femergs.com.br\/wfe\/wp-json\/wp\/v2\/comments?post=317"}],"version-history":[{"count":10,"href":"https:\/\/femergs.com.br\/wfe\/wp-json\/wp\/v2\/pages\/317\/revisions"}],"predecessor-version":[{"id":1037,"href":"https:\/\/femergs.com.br\/wfe\/wp-json\/wp\/v2\/pages\/317\/revisions\/1037"}],"wp:featuredmedia":[{"embeddable":true,"href":"https:\/\/femergs.com.br\/wfe\/wp-json\/wp\/v2\/media\/1674"}],"wp:attachment":[{"href":"https:\/\/femergs.com.br\/wfe\/wp-json\/wp\/v2\/media?parent=317"}],"curies":[{"name":"wp","href":"https:\/\/api.w.org\/{rel}","templated":true}]}}