{"id":322,"date":"2025-07-03T18:09:47","date_gmt":"2025-07-03T18:09:47","guid":{"rendered":"https:\/\/femergs.com.br\/wfe\/?page_id=322"},"modified":"2026-01-20T18:20:56","modified_gmt":"2026-01-20T18:20:56","slug":"diretoria","status":"publish","type":"page","link":"https:\/\/femergs.com.br\/wfe\/diretoria\/","title":{"rendered":"DIRETORIA &#8211; Gest\u00e3o 2023\/2027"},"content":{"rendered":"\n<div class=\"wp-block-columns is-layout-flex wp-container-core-columns-is-layout-5a66c75b wp-block-columns-is-layout-flex\" style=\"padding-right:0;padding-left:0\">\n<div class=\"wp-block-column is-layout-flow wp-block-column-is-layout-flow\">\n<p><strong>Diretoria Executiva<br><\/strong><br><strong>PRESIDENTE: CLARICE IN\u00caS MAINARDI<br><\/strong>Tenente Portela &#8211; Regional Celeiro<br>Telefone: (55) 99986-1001<br>E-mail: <a href=\"mailto:claricenainardi@gmail.com\">claricenainardi@gmail.com<\/a><br><br><strong>VICE-PRESIDENTE: ROSANI MARIA STOCKER<br><\/strong>SANTO ANGELO &#8211; Regional AMM<br>Telefone: (55) 99962-5361<br>E-mail: <a href=\"mailto:rosanistocker@gmail.com\">rosanistocker@gmail.com<\/a><br><br><br><br><strong>VICE-SECRET\u00c1RIA: LISIANE HOCH BROCADO<br><\/strong>SANTO ANGELO &#8211; Regional AMM<br>Telefone: (55) 99925-7427<br>E-mail: <a href=\"mailto:lisianeamauri@gmail.com\">lisianeamauri@gmail.com<\/a><br><br><strong>TESOUREIRO: NILSON CHAVES<br><\/strong>S\u00c3O LUIZ GONZAGA &#8211; Regional AMM<br>Telefone: (55)9.9628-4712<br>E-mail: <a href=\"mailto:nilson.chaves73@gmail.com\">nilson.chaves73@gmail.com<\/a><br><br><strong>VICE-TESOUREIRO: PAULO ROG\u00c9RIO CHAPUIS DA LUZ<br><\/strong>SAPIRANGA-Regional AMVAG<br>Telefone: (51) 99848-3586<br>E-mail: <a href=\"mailto:sismus@sismus.com.br\">sismus@sismus.com.br<\/a><br><br><strong>DIRETORA DE ASSUNTOS JUR\u00cdDICOS: ELAINE HAAB<br><\/strong>SANTO ANGELO &#8211; Regional AMM<br>Telefone: (55) 9 9949-7911<br>E-mail: <a href=\"mailto:ehaab68@hotmail.com\">ehaab68@hotmail.com<\/a><\/p>\n<\/div>\n\n\n\n<div class=\"wp-block-column is-layout-flow wp-block-column-is-layout-flow\">\n<p><strong>Diretoria Ampliada<br><\/strong><br><strong>DIRETORA DE EQUIDADE: <\/strong><br><strong>CRISTIANE VAL\u00c9RIO<br><\/strong>CAMPINAS DO SUL-Regional AMALU<br>Telefone: (54) 99119-0261<br>E-mail: <a href=\"mailto:cristianevalerio@gmail.com\">cristianevalerio@gmail.com<\/a><br><br><strong>DIRETOR DE SA\u00daDE E SEGURAN\u00c7A DO TRABALHO: <\/strong><br><strong>EDSON BRAND\u00c3O<br><\/strong>ENCANTADO-Regional AMAT<br>Telefone: (51) 99840-8417<br>E-mail: <a href=\"mailto:sismeencantado@gmail.com\">sismeencantado@gmail.com<\/a><br><br><strong>DIRETOR DE FORMA\u00c7\u00c3O:<\/strong><br><strong>F\u00c1BIO REIS<br><\/strong>JOIA &#8211; Regional AMUPLAN<br>Telefone: (55) 99914-6693<br>E-mail: <a href=\"mailto:reissilva.fabio@gmail.com\">reissilva.fabio@gmail.com<\/a><br><br><strong>DIRETOR DE ORGANIZA\u00c7\u00c3O SINDICAL:<\/strong><br><strong>NILSON BORGES CORREA<br><\/strong>HERVAL &#8211; Regional ZONASUL<br><br><strong>DIRETOR DE IMPRENSA E COMUNICA\u00c7\u00c3O:<\/strong><br><strong>EDEMUNDO PIOVESAN<br><\/strong>JABOTICABA-Regional AMZOP<br>Telefone: (55) 99926-7244<br>E-mail: <a href=\"mailto:edmundo-piovesan@autlook.com\">edmundo-piovesan@autlook.com<\/a><br><br><strong>DIRETOR DE ASSUNTOS PREVIDENCI\u00c1RIOS:<\/strong><br><strong>ILSON JO\u00c3O WEBER<br><\/strong>SANTO CRISTO-Regional AMUFRON<br>Telefone: (55) 99928-0858<br>E-mail: <a href=\"mailto:vilsonweber@yahoo.com.br\">vilsonweber@yahoo.com.br<\/a><br><br><strong>DIRETOR DE PLANEJAMENTO: <\/strong><br><strong>JUARES SCHNEIDER<br><\/strong>CAMPO NOVO-Regional AMUCELEIRO<br>Telefone: (55) 99125-2355<br>E-mail: <a href=\"mailto:juaresschneider@gmail.com\">juaresschneider@gmail.com<\/a><br><br><strong>DIRETOR DE EDUCA\u00c7\u00c3O: <\/strong><br><strong>ROSANE BEATRIZ MATJE<br><\/strong>ENTRE-IJUIS-Regional AMM<br>Telefone: (55) 98446-5670<br>E-mail: <a href=\"mailto:rosanematje@yahoo.com.br\">rosanematje@yahoo.com.br<\/a><\/p>\n<\/div>\n<\/div>\n\n\n\n<div class=\"wp-block-columns is-layout-flex wp-container-core-columns-is-layout-cf05694f wp-block-columns-is-layout-flex\">\n<div class=\"wp-block-column is-layout-flow wp-block-column-is-layout-flow\">\n<p><strong>Vice-presidentes<br><\/strong><br><strong>REGIONAL ACOSTADOCE<br><\/strong>Vice-presidente: MARCIO ALEXANDRE A. OLIVEIRA-SIND. DOS SERV DE CAMAQU\u00c3<br><br>Secret\u00e1rio: ROS\u00c9LIA BORBA F. RODRIGUES<br>SIND. DOS MUN. DE ARAMBAR\u00c9<br><br>Suplente: JORCELI SILVA DUMMER<br>SIND. DOS MUN. DE AMARAL FERRADOR<br><br><strong>REGIONAL AMUCELEIRO<br><\/strong>Vice-presidente: LUIZ EDUARDO NUNES DA SILVA<br>SIND. DOS SERV. DE TR\u00caS DE MAIO<br><br>Secret\u00e1rio: JUAREZ SCHNEIDER<br>SIND. DOS SERV. DE CAMPO NOVO<br><br>Suplente: LORENI TERESINHA PRIMAZ BONES SIND. TIRADENTES DO SUL<br><br><strong>REGIONAL AMZOP<br><\/strong>Vice-presidente: MARCIO ANDRE OCHOA AMARAL<br>SIND. DOS MUN. DE BOA VISTA DAS MISS\u00d5ES<br><br>Secret\u00e1rio: MARCELO RONAVI DALSSOTO<br>SIND. DOS MUN. DE DOIS IRM\u00c3OS DAS MISS\u00d5ES<br><br>Suplente: MARIVETE MARIA FUSSIGER<br>SIND. DOS MUN. DE RODEIO BONITO<br><br><strong>REGIONAL AMUNOR<br><\/strong>Vice-presidente: ALCIR MACHADO <br>SIND. DOS MUN. DE MACHADINHO<br><br>Secret\u00e1rio: FL\u00c1VIO LUIS ZANANDREA<br>SIND. DOS MUN. DE MAXIMILIANO DE ALMEIDA<br><br>Suplente: CILON IR PASINATO<br>SIND. DOS MUN DE CACIQUE DOBLE<br><br><strong>REGIONAL DAS MISS\u00d5ES<br><\/strong>Vice-presidente: NILSON DE CHAVES<br>SIND DOS MUN. DE S\u00c3O LUIZ GONZAGA<br><br>Secret\u00e1rio: LUCIA THOMAS <br>SIND. DOS MUN. DE S\u00c3O PAULO DAS MISS\u00d5ES<br><br><br><strong>REGIONAL GRANDE SANTA ROSA<br><\/strong>Vice-presidente: REGIS BONMANN<br>SIND. DOS SERV. DE SANTA ROSA<br><br>Secret\u00e1rio: ADAIR CARLOS MIETH<br>SIND DOS SERV. DO MUN DE SANTO CRISTO<br><br>Suplente: EDIMAR DO AMARANTE<br>SIND. DOS SERV. DE TUCUNDUVA<br><br><br><strong>JONAS ALO\u00cdSIO FUSIGER<br><\/strong>SANTA ROSA-Regional AMUFRON<br>Telefone: (55) 9 9685-8357<br>E-mail: <a href=\"mailto:sindicatodosservidores88@gmail.com\">sindicatodosservidores88@gmail.com<\/a><br><br><strong>JARBAS LENS<br><\/strong>SALVADOR DAS MISS\u00d5ES &#8211; Regional AMM<br>Telefone: (55) 99147-4853<br>E-mail: <a href=\"mailto:jlerztk@gmail.com\">jlerztk@gmail.com<\/a><br><br><strong>LUCIA THOMAS<br><\/strong>S\u00c3O PAULO DAS MISS\u00d5ES &#8211; Regional AMM<br>Telefone: (55) 99603-4100<br>E-mail: <a href=\"mailto:luciazthomas@yahoo.com.br\">luciazthomas@yahoo.com.br<\/a><\/p>\n<\/div>\n\n\n\n<div class=\"wp-block-column is-layout-flow wp-block-column-is-layout-flow\">\n<p><strong>Conselho Fiscal<br><\/strong><br><strong>CLEBER MOSSON DE CASTRO<br><\/strong>SANTO ANGELO &#8211; Regional AMM<br>Telefone: (55) 9 9702-1135<br>E-mail: <a href=\"mailto:clebermonsson@hotmail.com\">clebermonsson@hotmail.com<\/a><br><br><strong>Suplentes do Conselho Fiscal<br><\/strong><br><strong>IOLANDA PAVANELO<br><\/strong>NOVA ESPERAN\u00c7A DO SUL-Regional AMUCENTRO<br>Telefone: (55) 9 9603-0823<br>E-mail: <a href=\"mailto:lo200970@yahoo.com.br\">lo200970@yahoo.com.br<\/a><br><br><br><br><strong>LILIAN EL ABED AHMAD<br><\/strong>RESTINGA SECA-Regional AMCENTRO<br>Telefone: (55)9 8153-1981<br>E-mail: <a href=\"mailto:lilianxaraol@yahoo.com.br\">lilianxaraol@yahoo.com.br<\/a><br><br><strong>ANGELA REGIO MARQUES<br><\/strong>PINHEIRO MACHADO-Regional ZONASUL<br>Telefone: (53) 99163-1254<br>E-mail: angelaregio2009@hotmail.com<br><br><strong>Suplentes da Dire\u00e7\u00e3o<br><\/strong><br><strong>MARCELO BELMUDES<br><\/strong>CANDIOTA-Regional ASSUDOESTE<br>Telefone: (53) 99958-7383<br>E-mail: marcelopinhobeimudes@hotmail.com<br><br><strong>BRUNO VASCONCELOS COSTA<br><\/strong>NOVA PETROPOLIS-Regional AMSERRA<br>Telefone: (54)981594380<br>E-mail: <a href=\"mailto:brunoulbra2012@hotmail.com\">brunoulbra2012@hotmail.com<\/a><br><br><strong>CRISTIANE ELISE KOOP<br><\/strong>TR\u00caS DE MAIO &#8211; Regional AMUFRON<br>Telefone: (55) 99962-3046<br>E-mail: <a href=\"mailto:criskooptm@gmail.com\">criskooptm@gmail.com<\/a><br><br><strong>MARISA DE F\u00c1TIMA CARVALHO DOS REIS<br><\/strong>SANTO ANGELO &#8211; Regional AMM<br>Telefone: (55) 9 9949-7399<br>E-mail: <a href=\"mailto:marisadefatimacarvalho1@gmail.com\">marisadefatimacarvalho1@gmail.com<\/a><br><br><strong>ADRIANO DINIZ<br><\/strong>JARI-Regional AMCENTRO<br>Telefone: (55) 98106-1837<br>E-mail: <a href=\"mailto:simjari2805@gmail.com\">simjari2805@gmail.com<\/a><br><br><strong>ROG\u00c9RIO BRANCO GAUD\u00c9RIO<br><\/strong>S\u00c3O JOS\u00c9 DO NORTE-Regional ZONASUL<br>Telefone: (53)99923-6280<br>E-mail: <a href=\"mailto:ergeriobranco@hotmail.com\">ergeriobranco@hotmail.com<\/a><br><br><strong>DINARCI DONISETE ANTUNES SOARES<br><\/strong>ESMERALDA-Regional AMUCSER<br>Telefone: (54)98424-8857<br>E-mail: <a href=\"mailto:soaresdinarci42@gmail.com\">soaresdinarci42@gmail.com<\/a><br><br><strong>ANTONIO AIRES ALVES DOS SANTOS<br><\/strong>PONT\u00c3O &#8211; Regional AMZOP<br>Telefone: (55) 99977-9455<br>E-mail: <a href=\"mailto:antonioaasantos@hotmail.com\">antonioaasantos@hotmail.com<\/a><br><\/p>\n<\/div>\n<\/div>\n\n\n\n<p><br><br><br><br><\/p>\n","protected":false},"excerpt":{"rendered":"<p>Diretoria ExecutivaPRESIDENTE: CLARICE IN\u00caS MAINARDITenente Portela &#8211; Regional CeleiroTelefone: (55) 99986-1001E-mail: claricenainardi@gmail.com VICE-PRESIDENTE: ROSANI MARIA STOCKERSANTO ANGELO &#8211; Regional AMMTelefone: (55) 99962-5361E-mail: rosanistocker@gmail.com VICE-SECRET\u00c1RIA: LISIANE HOCH BROCADOSANTO ANGELO &#8211; Regional AMMTelefone: (55) 99925-7427E-mail: lisianeamauri@gmail.com TESOUREIRO: NILSON CHAVESS\u00c3O LUIZ GONZAGA &#8211; Regional AMMTelefone: (55)9.9628-4712E-mail: nilson.chaves73@gmail.com VICE-TESOUREIRO: PAULO ROG\u00c9RIO CHAPUIS DA LUZSAPIRANGA-Regional AMVAGTelefone: (51) 99848-3586E-mail: sismus@sismus.com.br DIRETORA [&hellip;]<\/p>\n","protected":false},"author":1,"featured_media":0,"parent":0,"menu_order":0,"comment_status":"closed","ping_status":"closed","template":"","meta":{"_eb_attr":"","_uag_custom_page_level_css":"","footnotes":""},"class_list":["post-322","page","type-page","status-publish","hentry"],"yoast_head":"<!-- This site is optimized with the Yoast SEO plugin v27.1.1 - https:\/\/yoast.com\/product\/yoast-seo-wordpress\/ -->\n<title>DIRETORIA - Gest\u00e3o 2023\/2027 - Federa\u00e7\u00e3o dos Municip\u00e1rios do Estado do Rio Grande do Sul<\/title>\n<meta name=\"robots\" content=\"index, follow, max-snippet:-1, max-image-preview:large, max-video-preview:-1\" \/>\n<link rel=\"canonical\" href=\"https:\/\/femergs.com.br\/wfe\/diretoria\/\" \/>\n<meta property=\"og:locale\" content=\"pt_BR\" \/>\n<meta property=\"og:type\" content=\"article\" \/>\n<meta property=\"og:title\" content=\"DIRETORIA - Gest\u00e3o 2023\/2027 - Federa\u00e7\u00e3o dos Municip\u00e1rios do Estado do Rio Grande do Sul\" \/>\n<meta property=\"og:description\" content=\"Diretoria ExecutivaPRESIDENTE: CLARICE IN\u00caS MAINARDITenente Portela &#8211; Regional CeleiroTelefone: (55) 99986-1001E-mail: claricenainardi@gmail.com VICE-PRESIDENTE: ROSANI MARIA STOCKERSANTO ANGELO &#8211; Regional AMMTelefone: (55) 99962-5361E-mail: rosanistocker@gmail.com VICE-SECRET\u00c1RIA: LISIANE HOCH BROCADOSANTO ANGELO &#8211; Regional AMMTelefone: (55) 99925-7427E-mail: lisianeamauri@gmail.com TESOUREIRO: NILSON CHAVESS\u00c3O LUIZ GONZAGA &#8211; Regional AMMTelefone: (55)9.9628-4712E-mail: nilson.chaves73@gmail.com VICE-TESOUREIRO: PAULO ROG\u00c9RIO CHAPUIS DA LUZSAPIRANGA-Regional AMVAGTelefone: (51) 99848-3586E-mail: sismus@sismus.com.br DIRETORA [&hellip;]\" \/>\n<meta property=\"og:url\" content=\"https:\/\/femergs.com.br\/wfe\/diretoria\/\" \/>\n<meta property=\"og:site_name\" content=\"Federa\u00e7\u00e3o dos Municip\u00e1rios do Estado do Rio Grande do Sul\" \/>\n<meta property=\"article:publisher\" content=\"https:\/\/www.facebook.com\/profile.php?id=100057151733001\" \/>\n<meta property=\"article:modified_time\" content=\"2026-01-20T18:20:56+00:00\" \/>\n<meta name=\"twitter:card\" content=\"summary_large_image\" \/>\n<meta name=\"twitter:label1\" content=\"Est. tempo de leitura\" \/>\n\t<meta name=\"twitter:data1\" content=\"4 minutos\" \/>\n<script type=\"application\/ld+json\" class=\"yoast-schema-graph\">{\"@context\":\"https:\/\/schema.org\",\"@graph\":[{\"@type\":\"WebPage\",\"@id\":\"https:\/\/femergs.com.br\/wfe\/diretoria\/\",\"url\":\"https:\/\/femergs.com.br\/wfe\/diretoria\/\",\"name\":\"DIRETORIA - Gest\u00e3o 2023\/2027 - Federa\u00e7\u00e3o dos Municip\u00e1rios do Estado do Rio Grande do Sul\",\"isPartOf\":{\"@id\":\"https:\/\/femergs.com.br\/wfe\/#website\"},\"datePublished\":\"2025-07-03T18:09:47+00:00\",\"dateModified\":\"2026-01-20T18:20:56+00:00\",\"breadcrumb\":{\"@id\":\"https:\/\/femergs.com.br\/wfe\/diretoria\/#breadcrumb\"},\"inLanguage\":\"pt-BR\",\"potentialAction\":[{\"@type\":\"ReadAction\",\"target\":[\"https:\/\/femergs.com.br\/wfe\/diretoria\/\"]}]},{\"@type\":\"BreadcrumbList\",\"@id\":\"https:\/\/femergs.com.br\/wfe\/diretoria\/#breadcrumb\",\"itemListElement\":[{\"@type\":\"ListItem\",\"position\":1,\"name\":\"In\u00edcio\",\"item\":\"https:\/\/femergs.com.br\/wfe\/\"},{\"@type\":\"ListItem\",\"position\":2,\"name\":\"DIRETORIA &#8211; Gest\u00e3o 2023\/2027\"}]},{\"@type\":\"WebSite\",\"@id\":\"https:\/\/femergs.com.br\/wfe\/#website\",\"url\":\"https:\/\/femergs.com.br\/wfe\/\",\"name\":\"FEMERGS\",\"description\":\"FEDERA\u00c7\u00c3O DOS MUNICIP\u00c1RIOS DO ESTADO DO RIO GRANDE DO SUL\",\"publisher\":{\"@id\":\"https:\/\/femergs.com.br\/wfe\/#organization\"},\"potentialAction\":[{\"@type\":\"SearchAction\",\"target\":{\"@type\":\"EntryPoint\",\"urlTemplate\":\"https:\/\/femergs.com.br\/wfe\/?s={search_term_string}\"},\"query-input\":{\"@type\":\"PropertyValueSpecification\",\"valueRequired\":true,\"valueName\":\"search_term_string\"}}],\"inLanguage\":\"pt-BR\"},{\"@type\":\"Organization\",\"@id\":\"https:\/\/femergs.com.br\/wfe\/#organization\",\"name\":\"FEMERGS\",\"url\":\"https:\/\/femergs.com.br\/wfe\/\",\"logo\":{\"@type\":\"ImageObject\",\"inLanguage\":\"pt-BR\",\"@id\":\"https:\/\/femergs.com.br\/wfe\/#\/schema\/logo\/image\/\",\"url\":\"https:\/\/femergs.com.br\/wfe\/wp-content\/uploads\/2025\/06\/logotipo.png\",\"contentUrl\":\"https:\/\/femergs.com.br\/wfe\/wp-content\/uploads\/2025\/06\/logotipo.png\",\"width\":500,\"height\":500,\"caption\":\"FEMERGS\"},\"image\":{\"@id\":\"https:\/\/femergs.com.br\/wfe\/#\/schema\/logo\/image\/\"},\"sameAs\":[\"https:\/\/www.facebook.com\/profile.php?id=100057151733001\",\"https:\/\/www.instagram.com\/femergs_rs\/\"]}]}<\/script>\n<!-- \/ Yoast SEO plugin. -->","yoast_head_json":{"title":"DIRETORIA - Gest\u00e3o 2023\/2027 - Federa\u00e7\u00e3o dos Municip\u00e1rios do Estado do Rio Grande do Sul","robots":{"index":"index","follow":"follow","max-snippet":"max-snippet:-1","max-image-preview":"max-image-preview:large","max-video-preview":"max-video-preview:-1"},"canonical":"https:\/\/femergs.com.br\/wfe\/diretoria\/","og_locale":"pt_BR","og_type":"article","og_title":"DIRETORIA - Gest\u00e3o 2023\/2027 - Federa\u00e7\u00e3o dos Municip\u00e1rios do Estado do Rio Grande do Sul","og_description":"Diretoria ExecutivaPRESIDENTE: CLARICE IN\u00caS MAINARDITenente Portela &#8211; Regional CeleiroTelefone: (55) 99986-1001E-mail: claricenainardi@gmail.com VICE-PRESIDENTE: ROSANI MARIA STOCKERSANTO ANGELO &#8211; Regional AMMTelefone: (55) 99962-5361E-mail: rosanistocker@gmail.com VICE-SECRET\u00c1RIA: LISIANE HOCH BROCADOSANTO ANGELO &#8211; Regional AMMTelefone: (55) 99925-7427E-mail: lisianeamauri@gmail.com TESOUREIRO: NILSON CHAVESS\u00c3O LUIZ GONZAGA &#8211; Regional AMMTelefone: (55)9.9628-4712E-mail: nilson.chaves73@gmail.com VICE-TESOUREIRO: PAULO ROG\u00c9RIO CHAPUIS DA LUZSAPIRANGA-Regional AMVAGTelefone: (51) 99848-3586E-mail: sismus@sismus.com.br DIRETORA [&hellip;]","og_url":"https:\/\/femergs.com.br\/wfe\/diretoria\/","og_site_name":"Federa\u00e7\u00e3o dos Municip\u00e1rios do Estado do Rio Grande do Sul","article_publisher":"https:\/\/www.facebook.com\/profile.php?id=100057151733001","article_modified_time":"2026-01-20T18:20:56+00:00","twitter_card":"summary_large_image","twitter_misc":{"Est. tempo de leitura":"4 minutos"},"schema":{"@context":"https:\/\/schema.org","@graph":[{"@type":"WebPage","@id":"https:\/\/femergs.com.br\/wfe\/diretoria\/","url":"https:\/\/femergs.com.br\/wfe\/diretoria\/","name":"DIRETORIA - Gest\u00e3o 2023\/2027 - Federa\u00e7\u00e3o dos Municip\u00e1rios do Estado do Rio Grande do Sul","isPartOf":{"@id":"https:\/\/femergs.com.br\/wfe\/#website"},"datePublished":"2025-07-03T18:09:47+00:00","dateModified":"2026-01-20T18:20:56+00:00","breadcrumb":{"@id":"https:\/\/femergs.com.br\/wfe\/diretoria\/#breadcrumb"},"inLanguage":"pt-BR","potentialAction":[{"@type":"ReadAction","target":["https:\/\/femergs.com.br\/wfe\/diretoria\/"]}]},{"@type":"BreadcrumbList","@id":"https:\/\/femergs.com.br\/wfe\/diretoria\/#breadcrumb","itemListElement":[{"@type":"ListItem","position":1,"name":"In\u00edcio","item":"https:\/\/femergs.com.br\/wfe\/"},{"@type":"ListItem","position":2,"name":"DIRETORIA &#8211; Gest\u00e3o 2023\/2027"}]},{"@type":"WebSite","@id":"https:\/\/femergs.com.br\/wfe\/#website","url":"https:\/\/femergs.com.br\/wfe\/","name":"FEMERGS","description":"FEDERA\u00c7\u00c3O DOS MUNICIP\u00c1RIOS DO ESTADO DO RIO GRANDE DO SUL","publisher":{"@id":"https:\/\/femergs.com.br\/wfe\/#organization"},"potentialAction":[{"@type":"SearchAction","target":{"@type":"EntryPoint","urlTemplate":"https:\/\/femergs.com.br\/wfe\/?s={search_term_string}"},"query-input":{"@type":"PropertyValueSpecification","valueRequired":true,"valueName":"search_term_string"}}],"inLanguage":"pt-BR"},{"@type":"Organization","@id":"https:\/\/femergs.com.br\/wfe\/#organization","name":"FEMERGS","url":"https:\/\/femergs.com.br\/wfe\/","logo":{"@type":"ImageObject","inLanguage":"pt-BR","@id":"https:\/\/femergs.com.br\/wfe\/#\/schema\/logo\/image\/","url":"https:\/\/femergs.com.br\/wfe\/wp-content\/uploads\/2025\/06\/logotipo.png","contentUrl":"https:\/\/femergs.com.br\/wfe\/wp-content\/uploads\/2025\/06\/logotipo.png","width":500,"height":500,"caption":"FEMERGS"},"image":{"@id":"https:\/\/femergs.com.br\/wfe\/#\/schema\/logo\/image\/"},"sameAs":["https:\/\/www.facebook.com\/profile.php?id=100057151733001","https:\/\/www.instagram.com\/femergs_rs\/"]}]}},"uagb_featured_image_src":{"full":false,"thumbnail":false,"medium":false,"medium_large":false,"large":false,"1536x1536":false,"2048x2048":false,"ultp_layout_landscape_large":false,"ultp_layout_landscape":false,"ultp_layout_portrait":false,"ultp_layout_square":false},"uagb_author_info":{"display_name":"adminfemergs","author_link":"https:\/\/femergs.com.br\/wfe\/blog\/author\/adminfemergs\/"},"uagb_comment_info":0,"uagb_excerpt":"Diretoria ExecutivaPRESIDENTE: CLARICE IN\u00caS MAINARDITenente Portela &#8211; Regional CeleiroTelefone: (55) 99986-1001E-mail: claricenainardi@gmail.com VICE-PRESIDENTE: ROSANI MARIA STOCKERSANTO ANGELO &#8211; Regional AMMTelefone: (55) 99962-5361E-mail: rosanistocker@gmail.com VICE-SECRET\u00c1RIA: LISIANE HOCH BROCADOSANTO ANGELO &#8211; Regional AMMTelefone: (55) 99925-7427E-mail: lisianeamauri@gmail.com TESOUREIRO: NILSON CHAVESS\u00c3O LUIZ GONZAGA &#8211; Regional AMMTelefone: (55)9.9628-4712E-mail: nilson.chaves73@gmail.com VICE-TESOUREIRO: PAULO ROG\u00c9RIO CHAPUIS DA LUZSAPIRANGA-Regional AMVAGTelefone: (51) 99848-3586E-mail: sismus@sismus.com.br DIRETORA&hellip;","_links":{"self":[{"href":"https:\/\/femergs.com.br\/wfe\/wp-json\/wp\/v2\/pages\/322","targetHints":{"allow":["GET"]}}],"collection":[{"href":"https:\/\/femergs.com.br\/wfe\/wp-json\/wp\/v2\/pages"}],"about":[{"href":"https:\/\/femergs.com.br\/wfe\/wp-json\/wp\/v2\/types\/page"}],"author":[{"embeddable":true,"href":"https:\/\/femergs.com.br\/wfe\/wp-json\/wp\/v2\/users\/1"}],"replies":[{"embeddable":true,"href":"https:\/\/femergs.com.br\/wfe\/wp-json\/wp\/v2\/comments?post=322"}],"version-history":[{"count":13,"href":"https:\/\/femergs.com.br\/wfe\/wp-json\/wp\/v2\/pages\/322\/revisions"}],"predecessor-version":[{"id":1842,"href":"https:\/\/femergs.com.br\/wfe\/wp-json\/wp\/v2\/pages\/322\/revisions\/1842"}],"wp:attachment":[{"href":"https:\/\/femergs.com.br\/wfe\/wp-json\/wp\/v2\/media?parent=322"}],"curies":[{"name":"wp","href":"https:\/\/api.w.org\/{rel}","templated":true}]}}